Is 2005247 prime?
False
Is 9381997 a prime number?
True
Is 3965789 a composite number?
False
Is 50359019 a prime number?
True
Is 6634297 a prime number?
True
Is 265611211 composite?
False
Is 43890757 a composite number?
False
Is 100444439 prime?
True
Is 1656713 a composite number?
True
Is 5383867 prime?
False
Is 2044831 composite?
False
Is 6721051 a composite number?
False
Is 496081 a prime number?
False
Is 5255087 a composite number?
True
Is 478174211 a composite number?
True
Is 64033779 a composite number?
True
Is 226916407 a composite number?
False
Is 114143 prime?
True
Is 1409171 a composite number?
False
Is 660981359 prime?
True
Is 525546377 composite?
False
Is 152895391 a prime number?
False
Is 87991 a composite number?
False
Is 23550467 composite?
False
Is 19691137 prime?
False
Is 406065419 prime?
True
Is 21795815 prime?
False
Is 9669661 a composite number?
False
Is 15285487 prime?
False
Is 381778309 prime?
False
Is 167023559 composite?
True
Is 981193 composite?
True
Is 6151579 prime?
False
Is 58966463 prime?
True
Is 13461313 a composite number?
False
Is 15524573 a prime number?
False
Is 158287 a prime number?
False
Is 26536379 composite?
True
Is 1450349 prime?
False
Is 322006759 a prime number?
True
Is 6332971 a composite number?
False
Is 75715429 a composite number?
True
Is 114243769 composite?
True
Is 610766033 a prime number?
True
Is 2586347 a composite number?
True
Is 64268233 prime?
False
Is 149697929 a prime number?
False
Is 6045761 prime?
False
Is 42512651 a prime number?
True
Is 47824957 a prime number?
False
Is 48075119 a composite number?
False
Is 3143447 composite?
False
Is 55070567 a prime number?
False
Is 170990923 prime?
True
Is 451933 a composite number?
False
Is 539039 a composite number?
False
Is 195191 composite?
True
Is 397864207 composite?
True
Is 242683807 prime?
False
Is 132268769 a prime number?
False
Is 3096959 a prime number?
True
Is 35400359 prime?
True
Is 1923537127 a composite number?
True
Is 167631963 composite?
True
Is 1628017 a composite number?
True
Is 1197943 composite?
True
Is 28888285 a composite number?
True
Is 54059119 composite?
False
Is 303871 composite?
False
Is 15157081 a prime number?
False
Is 4097837 a prime number?
True
Is 22678313 prime?
False
Is 463912487 a composite number?
False
Is 414595603 a prime number?
False
Is 10993363 a prime number?
False
Is 13626527 prime?
False
Is 3521951 composite?
False
Is 48185717 a prime number?
True
Is 811799 a prime number?
True
Is 4659713 composite?
True
Is 221141351 prime?
True
Is 90069227 a composite number?
False
Is 60153 a composite number?
True
Is 28903903 a prime number?
False
Is 170137 a prime number?
False
Is 69645689 prime?
False
Is 854693 a composite number?
True
Is 4331179 a composite number?
True
Is 108381011 composite?
False
Is 777541 a prime number?
True
Is 62519669 a composite number?
False
Is 457124086 a composite number?
True
Is 22116103 prime?
False
Is 8579071 a composite number?
False
Is 3552223 a composite number?
True
Is 36692359 a prime number?
False
Is 39937253 prime?
False
Is 389849081 composite?
True
Is 3230459 composite?
True
Is 323939963 composite?
False
Is 6144935 composite?
True
Is 9800899 prime?
False
Is 1121423 a composite number?
False
Is 2128963 a prime number?
True
Is 16328461 prime?
True
Is 53933023 a composite number?
True
Is 19846763 a composite number?
True
Is 1924889 prime?
True
Is 4502461 a composite number?
False
Is 403607 a composite number?
False
Is 243461 a prime number?
True
Is 20060921 a prime number?
False
Is 101533121 a composite number?
True
Is 2031877 prime?
False
Is 3534485 a composite number?
True
Is 3586057 a composite number?
False
Is 2781059 prime?
True
Is 59418826 a prime number?
False
Is 6043613 a composite number?
False
Is 142507121 prime?
True
Is 42818253 prime?
False
Is 220830338 composite?
True
Is 136745327 prime?
False
Is 4712523 a composite number?
True
Is 3361991 composite?
False
Is 9133477 a prime number?
True
Is 154508327 composite?
True
Is 102693223 composite?
False
Is 2502202 a composite number?
True
Is 531611 a prime number?
True
Is 37925201 composite?
False
Is 603817 a composite number?
False
Is 110113 prime?
False
Is 4670573 composite?
False
Is 310991 composite?
True
Is 437669 prime?
False
Is 9365263 composite?
False
Is 268547 composite?
False
Is 1744123363 a composite number?
True
Is 1343144113 a prime number?
True
Is 31394651 composite?
False
Is 3238709 a prime number?
False
Is 1383535 composite?
True
Is 1129333 a prime number?
True
Is 348265 a composite number?
True
Is 117471059 prime?
False
Is 6318311 a composite number?
False
Is 63723235 a prime number?
False
Is 1474113 prime?
False
Is 3225407 a composite number?
False
Is 1882981 a composite number?
True
Is 5236681 a prime number?
False
Is 33437953 composite?
True
Is 399147422 prime?
False
Is 42952319 a prime number?
False
Is 307958737 prime?
False
Is 593198167 a composite number?
False
Is 20033309 a composite number?
False
Is 639755 composite?
True
Is 924115 composite?
True
Is 204962201 prime?
True
Is 2247473091 a prime number?
False
Is 76807999 a prime number?
False
Is 15289819 a composite number?
True
Is 815963 a prime number?
True
Is 135933311 composite?
False
Is 12151717 a composite number?
False
Is 125464033 a prime number?
True
Is 158841391 a composite number?
True
Is 6151507 a composite number?
False
Is 35172029 a prime number?
False
Is 195177137 composite?
False
Is 8658653 a prime number?
True
Is 1834873 a prime number?
False
Is 225889 a prime number?
True
Is 38661339 composite?
True
Is 250628447 a composite number?
True
Is 19759601 composite?
True
Is 47378999 composite?
True
Is 8116307 prime?
True
Is 86263 a composite number?
False
Is 7586737 a prime number?
True
Is 57883729 prime?
False
Is 50175331 a prime number?
True
Is 175318877 composite?
False
Is 880311865 a prime number?
False
Is 3877679 a prime number?
False
Is 13575061 a prime number?
False
Is 32295539 a composite number?
False
Is 11073071 a prime number?
True
Is 12674517 prime?
False
Is 138328077 a composite number?
True
Is 1147873 composite?
True
Is 183092137 a composite number?
True
Is 961759 a composite number?
True
Is 13379129 prime?
False
Is 17019569 a composite number?
True
Is 14855691 composite?
True
Is 17101543 composite?
False
Is 377681 composite?
False
Is 49013623 a prime number?
True
Is 170844421 a prime number?
False
Is 40996447 composite?
False
Is 14507083 composite?
True
Is 4466771 a prime number?
True
Is 6235523 a prime number?
False
Is 4887691 a composite number?
True
Is 2011409 prime?
True
Is 13889729 a composite number?
True
Is 207639361 prime?
True
Is 2650261 prime?
False
Is 8741353 prime?
True
Is 5323217 a prime number?
False
Is 32478013 a composite number?
False
Is 1397459 a composite number?
True
Is 58396081 composite?
True
Is 99070189 composite?
True
Is 97705303 composite?
False
Is 69751091 composite?
True
Is 5427238 a prime number?
False
Is 41264621 prime?
True
Is 64500313 a composite number?
False
Is 12204671 a prime number?
True
Is 10750999 composite?
True
Is 934939 a composite number?
False
Is 6517607 composite?
False
Is 2558471 a prime number?
True
Is 318084509 a prime number?
True
Is 272859322 a prime number?
False
Is 245849 composite?
False
Is 73626547 a prime number?
True
Is 6432857 composite?
True
Is 24664733 a composite number?
False
Is 156163885 a prime number?
False
Is 15568459 prime?
True
Is 11774947 prime?
False
Is 648993269 a prime number?
True
Is 30970909 composite?
True
Is 120969257 composite?
True
Is 34226593 composite?
True
Is 48006913 composite?
False
Is 368021 a composite number?
False
Is 429151 a composite number?
True
Is 62776639 a prime number?
False
Is 18724787 a composite number?
False
Is 1666631 composite?
True
Is 188483117 a prime number?
True
Is 2201855 prime?
False
Is 234947 prime?
True
Is 8545637 a prime number?
True
Is 168590957 a prime number?
False
Is 8736781 prime?
True
Is 13089521 composite?
False
Is 8721157 a prime number?
True
Is 3056239 a prime number?
True
Is 1500913 composite?
True
Is 22472315 a prime number?
False
Is 245209 a prime number?
True
Is 373517041 prime?
True
Is 5745557 a prime number?
True
Is 41616623 prime?
True
Is 6816571 composite?
False
Is 442427 a prime number?
False
Is 161712